= c*o - 25. List the prime factors of r.
13
Suppose 2*n - 20 = -16. What are the prime factors of (5/(-10) - n/4) + 74?
73
Suppose s - 1 = -0*s. Suppose -12 + 6 = -2*p. Let x = p + s. List the prime factors of x.
2
What are the prime factors of (-2 + (-9)/(-6))/(5/(-3510))?
3, 13
Suppose i - 6 = -3*o, 0 = -2*o - 2*o - 5*i + 8. Suppose -5*p + 216 = f + 3*f, 0 = -f - o*p + 54. What are the prime factors of f?
2, 3
Suppose 2*a = 0, -2*a + 4*a - 1878 = -2*n. What are the prime factors of n?
3, 313
List the prime factors of ((-145)/40 - -4) + (-30036)/(-32).
3, 313
Let m = -208 + 250. What are the prime factors of m?
2, 3, 7
Suppose 5*k = -8 + 28, 32 = -4*c + 5*k. List the prime factors of 23*(-4 + 9 + c).
2, 23
Suppose -h - 2*l + 0 - 2 = 0, 0 = -4*l - 16. Suppose 0 = h*z - 2 - 28. What are the prime factors of z?
5
Let a be (71 - 4) + (0 - -3). Suppose 0 = -4*q + a + 162. List the prime factors of q.
2, 29
Let g(x) = x**3 + 3*x**2 - 5*x + 3. Suppose -2*f + 10 = 5*v - 11, -2*f = -v - 3. List the prime factors of g(v).
2, 3, 7
Let f = 8 + -14. Let r = f + 6. Suppose 0*l + l - 17 = r. What are the prime factors of l?
17
Let b = -79 + 85. Suppose -323 - 115 = -b*v. List the prime factors of v.
73
Suppose -4*x + 75153 = 9*x. What are the prime factors of x?
3, 41, 47
List the prime factors of 25858/9 + 6/(-54).
13, 17
Let l(f) = -11 + 9*f + 17*f**2 - 7*f**2 - 6*f**2 - f**3. List the prime factors of l(5).
3
Suppose 1139 = 4*v - t - 360, 0 = -5*v - 3*t + 1878. What are the prime factors of v?
3, 5
Let x be (-2)/6 - (-34)/3. Suppose -3*j + 5*q = -x, 0 - 3 = -4*j - 5*q. Suppose 4*v - j*v + 3*o = 24, -5*v - 2*o + 60 = 0. List the prime factors of v.
2, 3
Let u(p) = -3*p**2 + 8*p**2 - 2*p - 3*p**3 - 3 - 6*p**2 - 2*p**3. Let z(h) = h + 2. Let o be z(-4). List the prime factors of u(o).
37
Suppose r + 1 = -d, -7*r - 2*d - 2 = -2*r. Let a(y) = y**3 - y**2 + 31. Let s be a(r). Let m = s + 5. List the prime factors of m.
2, 3
Let p(k) = -2*k + 46. Let a(c) = -c**2 - 8*c. Let g be a(-4). List the prime factors of p(g).
2, 7
Suppose p = 2 + 2. Suppose 3*c - 319 + 83 = -z, -c + p*z + 70 = 0. What are the prime factors of c?
2, 3, 13
Let a = 0 - -3. Suppose l - a + 25 = 0. Let h = l + 38. What are the prime factors of h?
2
Let z = 20 - 18. Suppose -2*w = -d + 2 + 4, 2*w - 6 = -z*d. What are the prime factors of (-3)/(-1) - (w - 21)?
5
Let j = 324 + -258. What are the prime factors of j?
2, 3, 11
Let m = 5 - 3. Suppose 2*t + 4*w + 10 = 0, 3*t + 8 = -5*w - m. Suppose 0*d - 60 = -t*f - 4*d, -f - 4*d + 28 = 0. What are the prime factors of f?
2
What are the prime factors of 382720/440 - 4/(-22)?
2, 3, 5, 29
Let s = -1279 + 2179. What are the prime factors of s?
2, 3, 5
Suppose 8 + 10 = 6*h. Suppose h*f = w - 2*f - 21, -3*f + 161 = 5*w. What are the prime factors of w?
31
Suppose 2*r = -5*i + 164, -4*r - 6*i + 356 = -3*i. Suppose 5*z - q = -0*z + r, 5*z + 5*q = 80. Suppose s - z = 9. What are the prime factors of s?
3
Suppose -110 = 4*l + l. Let h = l + 41. List the prime factors of h.
19
Suppose r + r + 26 = a, 4*r + a + 52 = 0. Let p be 400/104 + (-2)/r. Suppose -p*j = u - 41, u = 2*j + 25 - 8. What are the prime factors of u?
5
Let q = 64 + -66. What are the prime factors of 32/(-6)*(q + 3 + -10)?
2, 3
Let l(a) = -a**3 - 8*a**2 - 2*a - 13. Let f be l(-8). Let t be f/2*(12 + -46). Let x = 108 + t. List the prime factors of x.
3, 19
Suppose 44*o - 48854 + 17526 = 0. What are the prime factors of o?
2, 89
Suppose 0 = -d - 4*h - 4, 5*h + 22 = d + 2*d. Let n(c) = d*c**2 + 2*c**2 - 3*c**2 + c**3 - 3 + 0. What are the prime factors of n(2)?
17
List the prime factors of 5198 - 5 - (20 + -8).
3, 11, 157
Let s(u) = 3*u**2 + u + 11. Let q be s(-6). Let r = -12 + q. List the prime factors of r.
101
Let s = 95 - 62. Let b = 10 + s. List the prime factors of b.
43
Let b(j) = 15*j**2 - j. Suppose -3*z + 1 = -5*o - 5, 2 = z. Suppose 0*x - 3*x - 2*s + 7 = o, 0 = x - 4*s + 7. What are the prime factors of b(x)?
2, 7
Let h(q) = q**3 - 8*q**2 - 9*q + 14. Let c be h(9). Let f(l) = 16*l - 49. List the prime factors of f(c).
5, 7
Let m(b) = -b**2 - 14*b - 12. Let i = 9 - 30. Let l = i + 10. List the prime factors of m(l).
3, 7
Let v(y) = -y**3 + 5*y**2 + 9*y - 5. Let f be v(6). Suppose -3*j + 4 = 4*q - 4, -q = -2*j - f. Suppose -q*n + 52 = -8. List the prime factors of n.
2, 3
Suppose 4*p = -2*y + 4*y + 84, -3*y - 5*p - 137 = 0. Suppose 37 = -10*g - 73. Let k = g - y. What are the prime factors of k?
3, 11
Suppose 0*i = -i + 5. Suppose 0 = -3*c - 12, -3*r + 2*c + 0*c + i = 0. List the prime factors of (4 - r)*(-15)/(-3).
5
Let h = -44 + 13. Let l = h + 67. What are the prime factors of l?
2, 3
Let q(g) = 12*g**2 - 8*g + 17. What are the prime factors of q(-6)?
7, 71
Let y(u) be the third derivative of -u**4/24 + 2*u**3 + u**2. Let b be y(5). Suppose 5*t - 5*n = 270, -2*t - 4*n + 113 = -b*n. List the prime factors of t.
7
Suppose -9*z = -5 - 4. List the prime factors of (1 - -58)*(3 - z).
2, 59
Suppose 4*b = y - 18, -5*y + 3*b + b = -26. Suppose y*x = -1 - 11. Let i(o) = -7*o - 14. List the prime factors of i(x).
2, 7
Suppose -15*m = 10501 - 35431. What are the prime factors of m?
2, 3, 277
Suppose 12 = -4*u, -u + 3*u + 38 = -4*z. What are the prime factors of (9 - -67) + z/(-2)?
2, 5
Let p = -177 + 298. Let g = -76 + p. What are the prime factors of g?
3, 5
Suppose -n - 4 = -2*n. Let i = n + 65. List the prime factors of i.
3, 23
Let x(r) = 2031*r + 13. List the prime factors of x(1).
2, 7, 73
Let b(j) = -17 + 20 + 3*j - 9*j + j**2. Let i be b(2). What are the prime factors of (-4)/(-1)*i/(-5)?
2
Suppose -4*t = p + 4 - 0, 4*t + 20 = -5*p. Suppose t = r - 0*r - 26. List the prime factors of r.
2, 13
Let a(x) = -5*x**3 + 8*x**2 - x - 7. Let k = -4 - -10. Let m(r) = r**3 - r**2 + 1. Let q(p) = k*m(p) + a(p). What are the prime factors of q(3)?
41
Suppose k = 5*k - 120. Let h = -177 + 295. List the prime factors of h/3 + (-10)/k.
3, 13
Suppose -51 = -3*z - 3*g - 18, -12 = 3*g. Let x = 179 - z. List the prime factors of x.
2, 41
Suppose -2*q = 2*q - 48. List the prime factors of 3 + q/(-2) + 0 - -34.
31
Let k(q) be the third derivative of -q**6/120 - 7*q**5/60 - q**4/12 - 3*q**3/2 + 5*q**2. Let b be k(-7). Let t = b + 0. List the prime factors of t.
5
Let s(u) = u**2 + 7*u + 2. Let f be s(-7). Let m be (80/(-50))/(f/20). Let v = 11 - m. List the prime factors of v.
3
Let j(h) = -h**2 - 5*h - 2. Let u be j(-10). Let b(w) = -w**3 + 3*w**2 + 4*w - 6. Let n be b(5). Let v = n - u. What are the prime factors of v?
2
Suppose 0 = 8*b - 7*b + 7. Let q(u) = u**3 + 8*u**2 + 4*u - 11. Let n be q(b). List the prime factors of ((-94)/(-3))/(n/15).
47
Let c(t) = t**2 + 9*t + 2. Let n be c(-9). Suppose 4*i - n*f - 18 = 0, -6*i + 2*i - 2*f = -22. Suppose i*m - 45 = 50. What are the prime factors of m?
19
Let p(o) = -3*o**3 - 37*o**2 - 3*o - 70. List the prime factors of p(-17).
4027
Suppose 0*l + 53 = 4*l + h, 0 = -2*l + 2*h + 24. Let r(p) = -7 - 27*p + 10*p + l*p. What are the prime factors of r(-6)?
17
Let c be ((-6)/(-8))/(1/(-36)). Let k = c + 52. List the prime factors of k.
5
List the prime factors of (-1 - 346/(-6))/((-3)/(-9)).
2, 5, 17
Let s = 262 + -51. List the prime factors of s.
211
Let x(h) = -h**3 - 3*h**2 + 4*h + 7. Let w be x(-4). Suppose 3*a + 577 = w*a - 3*p, -572 = -4*a + 4*p. Let g = a - 97. List the prime factors of g.
3, 17
Let n = 15 + 85. Suppose -n = -4*z + 64. What are the prime factors of z?
41
Let r(y) = -1 + 3*y - 8 - y + 2*y. Suppose -2*k + 4 = -12. List the prime factors of r(k).
23
Let j = 12032 - 7922. What are the prime factors of j?
2, 3, 5, 137
What are the prime factors of (7/(56/(-10)))/((-1)/676)?
5, 13
Suppose 2768 = 33*y - 25*y. List the prime factors of y.
2, 173
Suppose -4*x = p - 22, -p + 0*p = -3*x - 15. Suppose -f + p - 52 = -q, 167 = 5*q - 2*f. List the prime factors of q.
3, 11
Let s(o) be the first derivative of -o**4/4 + 5*o**3 - 13*o**2/2 - 1. Let l be s(14). Suppose -l = -2*j + 34. List the prime factors of j.
2, 3
Let u = 492 + 1097. List the prime factors of u.
7, 227
List the prime factors of (284/6)/((-12)/(-18)).
71
Let z be (-2 - (-3 - 4)) + 0. Suppose -5*x = -n + 3, z*n - 20 + 5 = -5*x. Suppose -5*b = -r - r + 31, -r - 5*b + 38 = x. List the prime